be h(-1). What is the remainder when 120/2 + v/2 is divided by g?
9
Suppose -f - 1 = 0, 14*c + 5*f = 10*c + 247. What is the remainder when c is divided by 33?
30
Let p = -296 - -372. What is the remainder when 1*-136*(-114)/p is divided by 16?
12
Let q = 222 + -166. What is the remainder when 93 is divided by q?
37
What is the remainder when 2294*(-13 - (-189)/14) is divided by 44?
3
Suppose 44*c - 2475 = 11*c. Let g = 535 - c. Calculate the remainder when g is divided by 58.
54
Let r be 79*(-1 + 6)/5*-1. Let j be 96 - 1*3/3. Let f = r + j. What is the remainder when 205 is divided by f?
13
Let j(o) = -7*o + 46. What is the remainder when 645 is divided by j(2)?
5
Suppose -54*r = -55*r + 2. Suppose -f + 55 = 3*o, -3*o = r*f - 0*o - 107. Calculate the remainder when 72 is divided by f.
20
Let j = 1594 + -1363. Calculate the remainder when j is divided by 58.
57
Suppose z + 5*y = -5 - 3, -2*z = 2*y. Suppose j + 18*s = 13*s + 14, 0 = 3*j - z*s - 25. What is the remainder when 11 is divided by j?
2
Let l(c) = 22*c + 133. Let n(i) = -21*i - 134. Let y(x) = 5*l(x) + 6*n(x). Calculate the remainder when y(-11) is divided by 6.
1
Let t(d) = -14*d**2 + 5*d - 5. Let z be t(1). What is the remainder when 67 is divided by (-9 - -7)/(4/z)?
4
Suppose -140 = -2*h + s, -2*s - 352 = 2*h - 7*h. Let z = 202 - h. Calculate the remainder when z is divided by 19.
16
Let o(l) = -l**2 + 3*l + 47. Suppose -7*v - t = -2*v - 38, 2*t + 4 = 0. Suppose 0 = 22*q - 25*q + 21. Calculate the remainder when o(v) is divided by q.
0
Suppose -35 - 25 = 20*n. Let l(c) = -5*c**3 + 3*c**2 + 9*c + 5. What is the remainder when l(n) is divided by 9?
5
Suppose z + 19 + 5 = m, -5*m + 3*z = -120. Suppose -m*t + 2451 + 2037 = 0. Calculate the remainder when t is divided by 38.
35
Suppose p - 29 = 4*y, 5*y - 12 = -4*p + 146. Suppose -2*r + 54 = -0*r. What is the remainder when p is divided by r?
10
Suppose 48*m = 15*m + 891. What is the remainder when (-1044)/(-20) - 4/(-5) is divided by m?
26
Let n = -3036 + 3075. What is the remainder when 67 is divided by n?
28
Let u = 186 + -166. Suppose 0 = 6*a - 7*a + 137. What is the remainder when a is divided by u?
17
What is the remainder when 466 is divided by 2 + 11 + (12 - -14)?
37
Let p = 146 + -48. Suppose -4*a + p = 5*o, 9*a + 4*o - 127 = 4*a. Calculate the remainder when a is divided by (-60)/(-12420)*161*(10 - 1).
6
Let l = 27 - 24. Suppose 4*r - 48 = l*r. Suppose u = -3*u + r. Calculate the remainder when u is divided by 7.
5
Let q = 9071 + -9065. What is the remainder when 1760 is divided by q?
2
Suppose -13158 = -30*x - 4*x. What is the remainder when x is divided by 8?
3
Let q(j) = 6*j**2 - 19*j - 52. Let l(y) = 2*y**2. Let a(o) = 5*l(o) - q(o). Calculate the remainder when a(-3) is divided by 4.
3
Let p = 18175 - 18163. Calculate the remainder when 1790 is divided by p.
2
Suppose 8*a - 247 - 673 = -38*a. What is the remainder when (1585/(-10))/((-2)/4) is divided by a?
17
Let w be 3/(-3) - (-12 + 12). What is the remainder when (0 + 27)*w*(66 - 68) is divided by 31?
23
Let i(z) = 3*z**3 - 15*z**2 + 37*z - 28. Calculate the remainder when 4524 is divided by i(6).
296
Suppose a + 6 = 8. Suppose -3*l - 3*n + 8*n = -166, -l + 57 = -a*n. Let t(v) = 2*v**2 + v. Calculate the remainder when l is divided by t(2).
7
Let w = -71 - -53. Let k = w + 22. Calculate the remainder when 16 is divided by (-1 - -1)/k + 4.
0
Let q(d) = -3*d + 27. Let i(l) = 4*l - 27. Let s(u) = 2*i(u) + 3*q(u). Let z = 32 + -21. Calculate the remainder when 58 is divided by s(z).
10
Suppose 0 = -116*o + 110*o + 84. Let i(r) = r**3 - 3*r**2 - 4*r - 1. Let h be i(6). Let m = h - 29. Calculate the remainder when m is divided by o.
12
Let a(p) = p**3 - 8*p - 1. Let n(j) = 404*j + 7759. What is the remainder when n(-19) is divided by a(4)?
21
Suppose 54*o - 2214 + 432 = 0. Let b(a) = 2*a**2 + 3*a + 4. What is the remainder when b(6) is divided by o?
28
Let m(i) = -i**3 - 8*i**2 + 44*i - 28. Let d = 15 - -11. Suppose -4*h = -d + 10, -68 = -5*r - 2*h. What is the remainder when m(-12) is divided by r?
8
Let g = -8862 + 10113. Calculate the remainder when g is divided by 53.
32
Let d(p) = 11*p**3 + 3*p**2 + 21*p - 12. What is the remainder when 3765 is divided by d(2)?
125
Let r(d) = -2*d - 66. Let u(b) = -4*b - 66. Let o(f) = 3*r(f) - 4*u(f). What is the remainder when 66 is divided by o(-4)?
14
Suppose 2*y - 8 = -14*g + 12*g, -y + g = -2. Suppose 4*x - y*x = 9. Suppose x*p - 420 = -p. What is the remainder when 121 is divided by p?
37
Calculate the remainder when (9964/(-329))/(2*(-1)/14) is divided by 200.
12
Suppose -141 = n + 5*z, -9*n + 105 = -10*n + 4*z. Let y = n + 129. Calculate the remainder when 245 is divided by y.
5
Let n(z) = 69*z - 311. What is the remainder when n(7) is divided by 13?
3
Suppose -156*r + 7585 = 29*r. Calculate the remainder when 1409 is divided by r.
15
Let m be (6/(-15))/((-22)/21395). Suppose -27 = -16*c + m. What is the remainder when 180 is divided by c?
24
Let g = -4571 - -4575. What is the remainder when 1009 is divided by g?
1
Suppose 42*l - 44*l - 1042 = 2*p, 1577 = -3*p + 4*l. Let c = p + 580. Suppose 3*d + 75 = 8*d. Calculate the remainder when c is divided by d.
12
Let j = 101 + -72. Let r = 48 - j. Suppose r*b = 24*b - 130. What is the remainder when b is divided by 7?
5
Suppose -k + 421 = 8*q, 14*k - 1783 = 10*k + q. Calculate the remainder when k is divided by 69.
31
Let h = 380 + -377. Let j(y) = -11*y + 66. What is the remainder when 122 is divided by j(h)?
23
Let i(t) = -10*t**3 + t + 1. Suppose -10 = 5*x - 5. Suppose r + 2*l - 6 = 0, -4885*r + 4884*r = 5*l - 12. Calculate the remainder when i(x) is divided by r.
0
Suppose -15*m + 10*m = -2443 - 922. What is the remainder when m is divided by 224?
1
Suppose -31*l + 6118 = 15*l. What is the remainder when 922 is divided by l?
124
Suppose -2*o = 3*x - 107, -x - 2*x + 254 = 5*o. Let d = o - 24. Suppose d*g = 22*g + 69. What is the remainder when 43 is divided by g?
20
Let m = -3693 - -5310. Suppose -3*l - m = -14*l. Calculate the remainder when (l/63)/(1/57) is divided by 27.
25
Let l = -3171 + 5590. Suppose 556 = 35*y - l. What is the remainder when y is divided by 15?
10
Suppose 5*h - 3*a = -13, -a - 29 = h + 4*h. Let b(r) = -r**3 - r**2 + 11*r - 5. What is the remainder when b(h) is divided by 7?
5
Suppose -8*r = -3*r - 285. Suppose -r*j + 7*j = -700. What is the remainder when 56 is divided by j?
0
Suppose 10*y + 197 = -473. What is the remainder when -1 + (-7 - y) - 1 is divided by 12?
10
Suppose 6*c - 39 + 27 = 0. Suppose c*o - 290 = 16. Calculate the remainder when o is divided by 5.
3
Let n(f) be the second derivative of f**4/12 + 5*f**3/6 + 8*f**2 + 4*f - 8. Calculate the remainder when n(-7) is divided by 16.
14
Let g(u) = -u**3 + 8*u**2 - 22*u + 208. Calculate the remainder when 119 is divided by g(7).
16
Suppose 3*i - 156 = 2*u, -5*u + 548 = i + 462. What is the remainder when 123 is divided by i?
11
Suppose -5*m + 5*b + 385 = 0, 3*m = -0*m + 5*b + 235. Suppose -4*l - l = -m. Calculate the remainder when (-4)/38 + (-1066385)/(-5149) is divided by l.
12
Let b be (-1 - 3 - -2)*(2 - 5). What is the remainder when 386/b - -2*(-3)/18 is divided by 30?
4
Let i(o) = o + 8. Let u(g) = 384*g - 25586. What is the remainder when u(67) is divided by i(0)?
6
Suppose -j - 174 = -2*w, -22*w + 23*w - 3*j = 77. What is the remainder when 193 is divided by w?
15
Let b = 10918 - 10831. What is the remainder when 8090 is divided by b?
86
Let l be 10 - -80 - (-1 - 5). Suppose -90*i + 98*i - l = 0. Calculate the remainder when 129 is divided by i.
9
Suppose -2*b - 7*t = -5*t - 30, 39 = 2*b + 5*t. Suppose -b = 5*y - y, 113 = 2*o - 5*y. What is the remainder when 146 is divided by o?
48
Suppose 5*k + 4*n - 20 = 2*n, n = 0. Let d be (-2)/11 - 272/(-44). Suppose -4*s - 3*m = -22, s - 4*m = -d + 2. What is the remainder when k is divided by s?
0
Let i(g) = -17*g - 44. Let t be i(-3). Suppose -t = -8*w + 49. Let k = 83 - 49. Calculate the remainder when k is divided by w.
6
Let a = 66 - 71. Let n be 882/(-10) - 1/a. Let t = -77 - n. Calculate the remainder when 30 is divided by t.
8
Let j be 6545/220 - 14/8. Suppose -3*r + 24 = -3*s + 4*s, -3*s + 2*r = -j. Calculate the remainder when 18 + (1 